{"id":91,"date":"2014-02-12T05:31:47","date_gmt":"2014-02-12T04:31:47","guid":{"rendered":"http:\/\/www.centrumszkoleniarajdowego.pl\/?page_id=91"},"modified":"2025-03-24T00:51:18","modified_gmt":"2025-03-23T23:51:18","slug":"strojenie-podwozia","status":"publish","type":"page","link":"http:\/\/www.centrumszkoleniarajdowego.pl\/?page_id=91","title":{"rendered":"STROJENIE PODWOZIA"},"content":{"rendered":"\n<h3>Podzia\u0142 podwozi ze wzgl\u0119du na charakterystyk\u0119 prowadzenia :<\/h3>\n\n\n\n<ul><li>Podsterowne<\/li><li>Nadsterowne<\/li><li>Neutralne<\/li><\/ul>\n\n\n<p>Istnieje mo\u017cliwo\u015b\u0107&nbsp;konfiguracja geometrii podwozia i parametr\u00f3w jezdnych samochodu pod aktualne mo\u017cliwo\u015bci kierowcy i konfiguracj\u0119 zawod\u00f3w.<\/p>\n<p>Poniewa\u017c dobrze zestrojone podwozie samochodu pozwala na szybsz\u0105 jazd\u0119 w zakr\u0119tach, temat jest zarezerwowany wy\u0142\u0105cznie&nbsp;dla kierowc\u00f3w zaawansowanych.<\/p>\n\n\n<p>Strojenie obejmuje twardo\u015bci spr\u0119\u017cyn, stabilizator\u00f3w, amortyzator\u00f3w, rodzaj\u00f3w opon, rozk\u0142adu masy, k\u0105t\u00f3w geometrii podwoziowej &#8211; element\u00f3w regulowanych i nieregulowanych, ci\u015bnienie w oponach.<\/p>\n\n\n\n<p>Je\u017celi regulamin zawod\u00f3w zezwala na aerodynamik\u0119- to r\u00f3wnie\u017c strojenie aerodynamiki.<\/p>\n","protected":false},"excerpt":{"rendered":"<p>Podzia\u0142 podwozi ze wzgl\u0119du na charakterystyk\u0119 prowadzenia : Podsterowne Nadsterowne Neutralne Istnieje mo\u017cliwo\u015b\u0107&nbsp;konfiguracja geometrii podwozia i parametr\u00f3w jezdnych samochodu pod aktualne mo\u017cliwo\u015bci kierowcy i konfiguracj\u0119 zawod\u00f3w. Poniewa\u017c dobrze zestrojone podwozie samochodu pozwala na szybsz\u0105 jazd\u0119 w zakr\u0119tach, temat jest zarezerwowany wy\u0142\u0105cznie&nbsp;dla kierowc\u00f3w zaawansowanych. Strojenie obejmuje twardo\u015bci spr\u0119\u017cyn, stabilizator\u00f3w, amortyzator\u00f3w, rodzaj\u00f3w opon, rozk\u0142adu masy, k\u0105t\u00f3w geometrii [&hellip;]<\/p>\n","protected":false},"author":1,"featured_media":0,"parent":0,"menu_order":0,"comment_status":"closed","ping_status":"closed","template":"","meta":[],"_links":{"self":[{"href":"http:\/\/www.centrumszkoleniarajdowego.pl\/index.php?rest_route=\/wp\/v2\/pages\/91"}],"collection":[{"href":"http:\/\/www.centrumszkoleniarajdowego.pl\/index.php?rest_route=\/wp\/v2\/pages"}],"about":[{"href":"http:\/\/www.centrumszkoleniarajdowego.pl\/index.php?rest_route=\/wp\/v2\/types\/page"}],"author":[{"embeddable":true,"href":"http:\/\/www.centrumszkoleniarajdowego.pl\/index.php?rest_route=\/wp\/v2\/users\/1"}],"replies":[{"embeddable":true,"href":"http:\/\/www.centrumszkoleniarajdowego.pl\/index.php?rest_route=%2Fwp%2Fv2%2Fcomments&post=91"}],"version-history":[{"count":7,"href":"http:\/\/www.centrumszkoleniarajdowego.pl\/index.php?rest_route=\/wp\/v2\/pages\/91\/revisions"}],"predecessor-version":[{"id":691,"href":"http:\/\/www.centrumszkoleniarajdowego.pl\/index.php?rest_route=\/wp\/v2\/pages\/91\/revisions\/691"}],"wp:attachment":[{"href":"http:\/\/www.centrumszkoleniarajdowego.pl\/index.php?rest_route=%2Fwp%2Fv2%2Fmedia&parent=91"}],"curies":[{"name":"wp","href":"https:\/\/api.w.org\/{rel}","templated":true}]}}