{"id":660,"date":"2025-03-23T23:02:17","date_gmt":"2025-03-23T22:02:17","guid":{"rendered":"http:\/\/www.centrumszkoleniarajdowego.pl\/?page_id=660"},"modified":"2025-03-23T23:02:17","modified_gmt":"2025-03-23T22:02:17","slug":"kod-optyczny","status":"publish","type":"page","link":"http:\/\/www.centrumszkoleniarajdowego.pl\/?page_id=660","title":{"rendered":"KOD OPTYCZNY"},"content":{"rendered":"\n<p>Najwa\u017cniejszy z kod\u00f3w technik jazdy. Bez niego prawid\u0142owe wykonanie jakiejkolwiek techniki jest niemo\u017cliwe.<\/p>\n\n\n\n<h4>SPOSOBY PATRZENIA<\/h4>\n\n\n\n<p><strong>PATRZENIE OPISOWE (oporowe):<\/strong><\/p>\n\n\n\n<ul><li>\u00a0\u00a0\u00a0\u00a0\u00a0\u00a0\u00a0\u00a0 dalekie<\/li><li>\u00a0\u00a0\u00a0\u00a0\u00a0\u00a0\u00a0\u00a0 bliskie \u2013 przed mask\u0119<\/li><\/ul>\n\n\n\n<figure class=\"wp-block-image size-large is-resized\"><a href=\"http:\/\/www.centrumszkoleniarajdowego.pl\/wp-content\/uploads\/2025\/03\/patrzenie-opisowe.jpg\"><img loading=\"lazy\" src=\"http:\/\/www.centrumszkoleniarajdowego.pl\/wp-content\/uploads\/2025\/03\/patrzenie-opisowe.jpg\" alt=\"\" class=\"wp-image-661\" width=\"482\" height=\"424\" srcset=\"http:\/\/www.centrumszkoleniarajdowego.pl\/wp-content\/uploads\/2025\/03\/patrzenie-opisowe.jpg 650w, http:\/\/www.centrumszkoleniarajdowego.pl\/wp-content\/uploads\/2025\/03\/patrzenie-opisowe-300x264.jpg 300w\" sizes=\"(max-width: 482px) 100vw, 482px\" \/><\/a><\/figure>\n\n\n\n<p><strong>PATRZENIE RZECZYWISTE:<\/strong><\/p>\n\n\n\n<p>Niestety konstrukcja naszego wzroku pozwala nam tylko na patrzenie w tzw. punkt.\u00a0<\/p>\n\n\n\n<figure class=\"wp-block-image size-large\"><a href=\"http:\/\/www.centrumszkoleniarajdowego.pl\/wp-content\/uploads\/2025\/03\/patrzenie-rzeczywiste.jpg\"><img loading=\"lazy\" width=\"288\" height=\"544\" src=\"http:\/\/www.centrumszkoleniarajdowego.pl\/wp-content\/uploads\/2025\/03\/patrzenie-rzeczywiste.jpg\" alt=\"\" class=\"wp-image-662\" srcset=\"http:\/\/www.centrumszkoleniarajdowego.pl\/wp-content\/uploads\/2025\/03\/patrzenie-rzeczywiste.jpg 288w, http:\/\/www.centrumszkoleniarajdowego.pl\/wp-content\/uploads\/2025\/03\/patrzenie-rzeczywiste-159x300.jpg 159w\" sizes=\"(max-width: 288px) 100vw, 288px\" \/><\/a><\/figure>\n\n\n\n<p>Rzeczywi\u015bcie tak patrzymy. Pomimo, i\u017c k\u0105tem oczu wida\u0107 szeroki obraz, tylko \u015brodek, a w zasadzie punkt jest ostry. Je\u017celi nasz wzrok wychwyci co\u015b z boku w polu widzenia, musimy tam spojrze\u0107 aby rozpozna\u0107 szczeg\u00f3\u0142y.<\/p>\n\n\n\n<p>Nasza reakcja na dostrze\u017cony obiekt nast\u0119puje dopiero jak rozpoznamy co to jest, czy si\u0119 przemieszcza, czy mo\u017ce powodowa\u0107 nasze zagro\u017cenie.<\/p>\n\n\n\n<p>Czas jaki potrzebujemy na rozpoznanie i reakcj\u0119 nazywa si\u0119 potocznie szybko\u015bci\u0105 reakcji.<\/p>\n\n\n\n<p>W warunkach rajdowych teoretycznie nie spodziewamy si\u0119 \u017cadnych nag\u0142ych zdarze\u0144 w obszarze naszego widzenia. Mo\u017cemy skupi\u0107 swoj\u0105 uwag\u0119 tylko na drodze.<\/p>\n\n\n\n<p><strong>ILE WIDZI KIEROWCA :<\/strong><\/p>\n\n\n\n<p>Schemat patrzenia na drog\u0119 na prostej, w zakr\u0119cie i do wyj\u015bcia z zakr\u0119tu.<\/p>\n\n\n\n<figure class=\"wp-block-image size-large is-resized\"><a href=\"http:\/\/www.centrumszkoleniarajdowego.pl\/wp-content\/uploads\/2025\/03\/ile-widzi-kierowca-1.jpg\"><img loading=\"lazy\" src=\"http:\/\/www.centrumszkoleniarajdowego.pl\/wp-content\/uploads\/2025\/03\/ile-widzi-kierowca-1-1024x530.jpg\" alt=\"\" class=\"wp-image-663\" width=\"624\" height=\"322\" srcset=\"http:\/\/www.centrumszkoleniarajdowego.pl\/wp-content\/uploads\/2025\/03\/ile-widzi-kierowca-1-1024x530.jpg 1024w, http:\/\/www.centrumszkoleniarajdowego.pl\/wp-content\/uploads\/2025\/03\/ile-widzi-kierowca-1-300x155.jpg 300w, http:\/\/www.centrumszkoleniarajdowego.pl\/wp-content\/uploads\/2025\/03\/ile-widzi-kierowca-1-768x398.jpg 768w, http:\/\/www.centrumszkoleniarajdowego.pl\/wp-content\/uploads\/2025\/03\/ile-widzi-kierowca-1.jpg 1250w\" sizes=\"(max-width: 624px) 100vw, 624px\" \/><\/a><\/figure>\n\n\n\n<figure class=\"wp-block-image size-large is-resized\"><a href=\"http:\/\/www.centrumszkoleniarajdowego.pl\/wp-content\/uploads\/2025\/03\/ile-widzi-kierowca-2.jpg\"><img loading=\"lazy\" src=\"http:\/\/www.centrumszkoleniarajdowego.pl\/wp-content\/uploads\/2025\/03\/ile-widzi-kierowca-2-1024x536.jpg\" alt=\"\" class=\"wp-image-664\" width=\"611\" height=\"319\" srcset=\"http:\/\/www.centrumszkoleniarajdowego.pl\/wp-content\/uploads\/2025\/03\/ile-widzi-kierowca-2-1024x536.jpg 1024w, http:\/\/www.centrumszkoleniarajdowego.pl\/wp-content\/uploads\/2025\/03\/ile-widzi-kierowca-2-300x157.jpg 300w, http:\/\/www.centrumszkoleniarajdowego.pl\/wp-content\/uploads\/2025\/03\/ile-widzi-kierowca-2-768x402.jpg 768w, http:\/\/www.centrumszkoleniarajdowego.pl\/wp-content\/uploads\/2025\/03\/ile-widzi-kierowca-2.jpg 1189w\" sizes=\"(max-width: 611px) 100vw, 611px\" \/><\/a><\/figure>\n\n\n\n<figure class=\"wp-block-image size-large is-resized\"><a href=\"http:\/\/www.centrumszkoleniarajdowego.pl\/wp-content\/uploads\/2025\/03\/ile-widzi-kierowca-3.jpg\"><img loading=\"lazy\" src=\"http:\/\/www.centrumszkoleniarajdowego.pl\/wp-content\/uploads\/2025\/03\/ile-widzi-kierowca-3-1024x590.jpg\" alt=\"\" class=\"wp-image-665\" width=\"607\" height=\"349\" srcset=\"http:\/\/www.centrumszkoleniarajdowego.pl\/wp-content\/uploads\/2025\/03\/ile-widzi-kierowca-3-1024x590.jpg 1024w, http:\/\/www.centrumszkoleniarajdowego.pl\/wp-content\/uploads\/2025\/03\/ile-widzi-kierowca-3-300x173.jpg 300w, http:\/\/www.centrumszkoleniarajdowego.pl\/wp-content\/uploads\/2025\/03\/ile-widzi-kierowca-3-768x442.jpg 768w, http:\/\/www.centrumszkoleniarajdowego.pl\/wp-content\/uploads\/2025\/03\/ile-widzi-kierowca-3.jpg 1278w\" sizes=\"(max-width: 607px) 100vw, 607px\" \/><\/a><\/figure>\n\n\n\n<p><strong>KOD OPTYCZNY :<\/strong><\/p>\n\n\n\n<p>Aby prawid\u0142owo wykona\u0107 kt\u00f3r\u0105kolwiek z technik przyspieszeniowych,&nbsp; bezwzgl\u0119dnie wymagane jest WYTRENOWANIE&nbsp; zupe\u0142nie innego sposobu patrzenia \u2013 tzw KOD OPTYCZNY DLA WYCZYNOWYCH TECHNIK JAZDY<\/p>\n\n\n\n<p>Pe\u0142ne informacje na ten temat na treningach indywidualnych.&nbsp;<\/p>\n","protected":false},"excerpt":{"rendered":"<p>Najwa\u017cniejszy z kod\u00f3w technik jazdy. Bez niego prawid\u0142owe wykonanie jakiejkolwiek techniki jest niemo\u017cliwe. SPOSOBY PATRZENIA PATRZENIE OPISOWE (oporowe): \u00a0\u00a0\u00a0\u00a0\u00a0\u00a0\u00a0\u00a0 dalekie \u00a0\u00a0\u00a0\u00a0\u00a0\u00a0\u00a0\u00a0 bliskie \u2013 przed mask\u0119 PATRZENIE RZECZYWISTE: Niestety konstrukcja naszego wzroku pozwala nam tylko na patrzenie w tzw. punkt.\u00a0 Rzeczywi\u015bcie tak patrzymy. Pomimo, i\u017c k\u0105tem oczu wida\u0107 szeroki obraz, tylko \u015brodek, a w zasadzie punkt [&hellip;]<\/p>\n","protected":false},"author":1,"featured_media":0,"parent":0,"menu_order":45,"comment_status":"closed","ping_status":"closed","template":"","meta":[],"_links":{"self":[{"href":"http:\/\/www.centrumszkoleniarajdowego.pl\/index.php?rest_route=\/wp\/v2\/pages\/660"}],"collection":[{"href":"http:\/\/www.centrumszkoleniarajdowego.pl\/index.php?rest_route=\/wp\/v2\/pages"}],"about":[{"href":"http:\/\/www.centrumszkoleniarajdowego.pl\/index.php?rest_route=\/wp\/v2\/types\/page"}],"author":[{"embeddable":true,"href":"http:\/\/www.centrumszkoleniarajdowego.pl\/index.php?rest_route=\/wp\/v2\/users\/1"}],"replies":[{"embeddable":true,"href":"http:\/\/www.centrumszkoleniarajdowego.pl\/index.php?rest_route=%2Fwp%2Fv2%2Fcomments&post=660"}],"version-history":[{"count":1,"href":"http:\/\/www.centrumszkoleniarajdowego.pl\/index.php?rest_route=\/wp\/v2\/pages\/660\/revisions"}],"predecessor-version":[{"id":666,"href":"http:\/\/www.centrumszkoleniarajdowego.pl\/index.php?rest_route=\/wp\/v2\/pages\/660\/revisions\/666"}],"wp:attachment":[{"href":"http:\/\/www.centrumszkoleniarajdowego.pl\/index.php?rest_route=%2Fwp%2Fv2%2Fmedia&parent=660"}],"curies":[{"name":"wp","href":"https:\/\/api.w.org\/{rel}","templated":true}]}}