{"id":622,"date":"2025-03-23T21:17:44","date_gmt":"2025-03-23T20:17:44","guid":{"rendered":"http:\/\/www.centrumszkoleniarajdowego.pl\/?page_id=622"},"modified":"2025-03-23T21:17:44","modified_gmt":"2025-03-23T20:17:44","slug":"lewa-noga","status":"publish","type":"page","link":"http:\/\/www.centrumszkoleniarajdowego.pl\/?page_id=622","title":{"rendered":"LEWA NOGA"},"content":{"rendered":"\n<p>Lewa noga obs\u0142uguje sprz\u0119g\u0142o. Prawa noga obs\u0142uguje gaz i hamulec (czasem jednocze\u015bnie).<\/p>\n\n\n\n<p>Lewa noga nauczona jest pracy na sprz\u0119gle.<\/p>\n\n\n\n<p>S\u0105 jednak kierowcy stosuj\u0105cy hamowanie lew\u0105 nog\u0105. Mo\u017cna to wy\u0107wiczy\u0107. Najlepiej je\u017cd\u017c\u0105c z automatyczn\u0105 skrzynia bieg\u00f3w<\/p>\n\n\n\n<p>Niekt\u00f3rzy je\u017celi przed zakr\u0119tem nie zmieniaj\u0105 biegu, a istnieje potrzeba delikatnego dohamowania u\u017cywaj\u0105 lewej nogi.<\/p>\n\n\n\n<p>Jednak zawsze istnieje ryzyko z\u0142ego wykonania tego manewru z uwagi na to, \u017ce lewa noga \u201enauczona\u201d pracy na sprz\u0119gle jest nieprecyzyjna w obs\u0142udze hamulca.<\/p>\n\n\n\n<p>Ale co nie jest zabronione \u2026.<\/p>\n\n\n\n<p>Fi\u0144ski zawodnik jako pierwszy zastosowa\u0142 lewa nog\u0119 na hamulcu z jednoczesnym gazem, w samochodzie Mini podczas Rajdu Monte Carlo, tylko jako pocz\u0105tek wej\u015bcia w nawroty i ciasne zakr\u0119ty. Zanegowa\u0142 u\u017cywania hamowania lew\u0105 noga w trakcie ca\u0142ego zakr\u0119tu.<\/p>\n\n\n\n<p>Szybszy, precyzyjniejszy i bardziej efektywny jest minus gazem ale na wysokich obrotach.<\/p>\n\n\n\n<p>Oczywi\u015bcie mo\u017cna wytrenowa\u0107 regulowanie ci\u0105gi gazu i hamowania jednocze\u015bnie praw\u0105 stop\u0105, ale na wy\u017cszych obrotach \u2013 spos\u00f3b wykonania jak hamowanie z redukcj\u0105 bieg\u00f3w z przedgazem.<\/p>\n","protected":false},"excerpt":{"rendered":"<p>Lewa noga obs\u0142uguje sprz\u0119g\u0142o. Prawa noga obs\u0142uguje gaz i hamulec (czasem jednocze\u015bnie). Lewa noga nauczona jest pracy na sprz\u0119gle. S\u0105 jednak kierowcy stosuj\u0105cy hamowanie lew\u0105 nog\u0105. Mo\u017cna to wy\u0107wiczy\u0107. Najlepiej je\u017cd\u017c\u0105c z automatyczn\u0105 skrzynia bieg\u00f3w Niekt\u00f3rzy je\u017celi przed zakr\u0119tem nie zmieniaj\u0105 biegu, a istnieje potrzeba delikatnego dohamowania u\u017cywaj\u0105 lewej nogi. Jednak zawsze istnieje ryzyko z\u0142ego [&hellip;]<\/p>\n","protected":false},"author":1,"featured_media":0,"parent":0,"menu_order":9,"comment_status":"closed","ping_status":"closed","template":"","meta":[],"_links":{"self":[{"href":"http:\/\/www.centrumszkoleniarajdowego.pl\/index.php?rest_route=\/wp\/v2\/pages\/622"}],"collection":[{"href":"http:\/\/www.centrumszkoleniarajdowego.pl\/index.php?rest_route=\/wp\/v2\/pages"}],"about":[{"href":"http:\/\/www.centrumszkoleniarajdowego.pl\/index.php?rest_route=\/wp\/v2\/types\/page"}],"author":[{"embeddable":true,"href":"http:\/\/www.centrumszkoleniarajdowego.pl\/index.php?rest_route=\/wp\/v2\/users\/1"}],"replies":[{"embeddable":true,"href":"http:\/\/www.centrumszkoleniarajdowego.pl\/index.php?rest_route=%2Fwp%2Fv2%2Fcomments&post=622"}],"version-history":[{"count":1,"href":"http:\/\/www.centrumszkoleniarajdowego.pl\/index.php?rest_route=\/wp\/v2\/pages\/622\/revisions"}],"predecessor-version":[{"id":623,"href":"http:\/\/www.centrumszkoleniarajdowego.pl\/index.php?rest_route=\/wp\/v2\/pages\/622\/revisions\/623"}],"wp:attachment":[{"href":"http:\/\/www.centrumszkoleniarajdowego.pl\/index.php?rest_route=%2Fwp%2Fv2%2Fmedia&parent=622"}],"curies":[{"name":"wp","href":"https:\/\/api.w.org\/{rel}","templated":true}]}}