{"id":601,"date":"2025-03-23T21:01:22","date_gmt":"2025-03-23T20:01:22","guid":{"rendered":"http:\/\/www.centrumszkoleniarajdowego.pl\/?page_id=601"},"modified":"2025-03-23T21:01:22","modified_gmt":"2025-03-23T20:01:22","slug":"podzial-zakretow","status":"publish","type":"page","link":"http:\/\/www.centrumszkoleniarajdowego.pl\/?page_id=601","title":{"rendered":"PODZIA\u0141 ZAKR\u0118T\u00d3W"},"content":{"rendered":"\n<p>Zakr\u0119ty mo\u017cna podzieli\u0107 ze wzgl\u0119du na widoczno\u015b\u0107:<\/p>\n\n\n\n<ul><li>Otwarte<\/li><li>Zakryte<\/li><\/ul>\n\n\n\n<p>&nbsp;Ze wzgl\u0105du na ich krzywizn\u0119:<\/p>\n\n\n\n<ul><li>Sta\u0142e<\/li><li>Zacie\u015bniaj\u0105ce<\/li><li>Otwieraj\u0105ce si\u0119<\/li><li>Paraboliczne<\/li><\/ul>\n\n\n\n<p>&nbsp;Jako seri\u0119 zakr\u0119t\u00f3w:<\/p>\n\n\n\n<ul><li>w jedn\u0105 stron\u0119<\/li><li>podw\u00f3jne<\/li><li>wielokrotne<\/li><li>serpentyny<\/li><\/ul>\n\n\n\n<p>Pewnym u\u0142atwieniem jest fakt, \u017ce zakr\u0119ty s\u0105 tylko w prawo i w lewo.<br><\/p>\n","protected":false},"excerpt":{"rendered":"<p>Zakr\u0119ty mo\u017cna podzieli\u0107 ze wzgl\u0119du na widoczno\u015b\u0107: Otwarte Zakryte &nbsp;Ze wzgl\u0105du na ich krzywizn\u0119: Sta\u0142e Zacie\u015bniaj\u0105ce Otwieraj\u0105ce si\u0119 Paraboliczne &nbsp;Jako seri\u0119 zakr\u0119t\u00f3w: w jedn\u0105 stron\u0119 podw\u00f3jne wielokrotne serpentyny Pewnym u\u0142atwieniem jest fakt, \u017ce zakr\u0119ty s\u0105 tylko w prawo i w lewo.<\/p>\n","protected":false},"author":1,"featured_media":0,"parent":0,"menu_order":32,"comment_status":"closed","ping_status":"closed","template":"","meta":[],"_links":{"self":[{"href":"http:\/\/www.centrumszkoleniarajdowego.pl\/index.php?rest_route=\/wp\/v2\/pages\/601"}],"collection":[{"href":"http:\/\/www.centrumszkoleniarajdowego.pl\/index.php?rest_route=\/wp\/v2\/pages"}],"about":[{"href":"http:\/\/www.centrumszkoleniarajdowego.pl\/index.php?rest_route=\/wp\/v2\/types\/page"}],"author":[{"embeddable":true,"href":"http:\/\/www.centrumszkoleniarajdowego.pl\/index.php?rest_route=\/wp\/v2\/users\/1"}],"replies":[{"embeddable":true,"href":"http:\/\/www.centrumszkoleniarajdowego.pl\/index.php?rest_route=%2Fwp%2Fv2%2Fcomments&post=601"}],"version-history":[{"count":1,"href":"http:\/\/www.centrumszkoleniarajdowego.pl\/index.php?rest_route=\/wp\/v2\/pages\/601\/revisions"}],"predecessor-version":[{"id":602,"href":"http:\/\/www.centrumszkoleniarajdowego.pl\/index.php?rest_route=\/wp\/v2\/pages\/601\/revisions\/602"}],"wp:attachment":[{"href":"http:\/\/www.centrumszkoleniarajdowego.pl\/index.php?rest_route=%2Fwp%2Fv2%2Fmedia&parent=601"}],"curies":[{"name":"wp","href":"https:\/\/api.w.org\/{rel}","templated":true}]}}