{"id":22,"date":"2014-02-12T02:19:33","date_gmt":"2014-02-12T01:19:33","guid":{"rendered":"http:\/\/www.centrumszkoleniarajdowego.pl\/?page_id=22"},"modified":"2022-12-08T05:52:56","modified_gmt":"2022-12-08T04:52:56","slug":"wyczynowa","status":"publish","type":"page","link":"http:\/\/www.centrumszkoleniarajdowego.pl\/?page_id=22","title":{"rendered":"WYCZYNOWE TECHNIKI JAZDY"},"content":{"rendered":"<h2><strong><em>\u00a0Tylko dla absolwent\u00f3w klasycznej techniki wyczynowej !!!<\/em><\/strong><\/h2>\n<p>Wyczynowe techniki jazdy .<\/p>\n<ul>\n<li>przeciwskr\u0119t<\/li>\n<li>technika lodowa(paradoksalnie idealna na asfalt)<\/li>\n<li>technika jazdy Sebastian Loeb<\/li>\n<li>technika wy\u015bcigowa 1+<\/li>\n<li>technika wy\u015bcigowa 1+\/-<\/li>\n<li>technika wy\u015bcigowa 2 fazowa (r\u0105czka)<\/li>\n<li>technika rotacyjna(obrot\u00f3wka)<\/li>\n<li>technika dociskowa 4 ko\u0142owa tzw,czteroko\u0142\u00f3wka (wszystkie rodzaje nap\u0119du)<\/li>\n<li>klasyczny po\u015blizg (wszystkie rodzaje nap\u0119du)<\/li>\n<li>klasyczny po\u015blizg czteroko\u0142owy (wszystkie rodzaje nap\u0119du)<\/li>\n<li>drift<\/li>\n<\/ul>\n<p>Techniki zarezerwowane dla pasjonat\u00f3w techniki jazdy i zawodnik\u00f3w ubiegaj\u0105cych si\u0119, lub posiadaj\u0105cych licencje rajdowe lub wy\u015bcigowe.<\/p>\n<p>Techniki jazdy na bardzo du\u017ce szybko\u015bci. Techniki pozwalaj\u0105ce na jazd\u0119 w zakr\u0119tach \u00a0z du\u017co wi\u0119kszymi pr\u0119dko\u015bciami ni\u017c w klasycznej technice wyczynowej . Techniki na wszystkie rodzaje nawierzchni.<\/p>\n<p>Techniki w oparciu o dynamiczne tory jazdy w po\u0142\u0105czeniu z si\u0142ami sta\u0142ymi i zmiennymi oddzia\u0142ywaj\u0105cymi na samoch\u00f3d.<\/p>\n<p>Techniki niezb\u0119dne do wyczynowej jazdy:<\/p>\n<ul>\n<li>\u00a0na ma\u0142ych k\u0105tach znoszenia,<\/li>\n<li>\u00a0na du\u017cych katach znoszenia,<\/li>\n<li>\u00a0w po\u015blizgu kontrolowanym,<\/li>\n<li>\u00a0w po\u015blizgu kontrolowanym czteroko\u0142owym,<\/li>\n<li>na granicy po\u015blizgu z maksymalnym wykorzystaniem mo\u017cliwo\u015bci parametr\u00f3w jezdnych samochodu na wszelkiego rodzaju nawierzchniach podczas zmieniaj\u0105cych si\u0119 \u00a0warunk\u00f3w przyczepno\u015bci\u00a0&#8211; asfalt, beton, szuter, \u015bnieg, l\u00f3d, deszcz, b\u0142oto.<\/li>\n<\/ul>\n<p>Poszczeg\u00f3lne techniki by\u0142y wykorzystywane w r\u00f3\u017cnych wariantach , przez \u00a0odnosz\u0105cych spektakularne sukcesy\u00a0\u015bwiatowej s\u0142awy \u00a0zawodnik\u00f3w rajdowych i wy\u015bcigowych.<\/p>\n<p>Stosuj\u0105c Wyczynowe Techniki Jazdy w ruchu drogowym &#8211; z pr\u0119dko\u015bciami dopuszczalnymi przez przepisy dajemy sobie gwarancj\u0119 bezpiecze\u0144stwa i mo\u017cliwo\u015b\u0107 przewidywania tego co za chwil\u0119 wydarzy si\u0119 na drodze.<\/p>\n","protected":false},"excerpt":{"rendered":"<p>\u00a0Tylko dla absolwent\u00f3w klasycznej techniki wyczynowej !!! Wyczynowe techniki jazdy . przeciwskr\u0119t technika lodowa(paradoksalnie idealna na asfalt) technika jazdy Sebastian Loeb technika wy\u015bcigowa 1+ technika wy\u015bcigowa 1+\/- technika wy\u015bcigowa 2 fazowa (r\u0105czka) technika rotacyjna(obrot\u00f3wka) technika dociskowa 4 ko\u0142owa tzw,czteroko\u0142\u00f3wka (wszystkie rodzaje nap\u0119du) klasyczny po\u015blizg (wszystkie rodzaje nap\u0119du) klasyczny po\u015blizg czteroko\u0142owy (wszystkie rodzaje nap\u0119du) drift Techniki [&hellip;]<\/p>\n","protected":false},"author":1,"featured_media":0,"parent":0,"menu_order":0,"comment_status":"closed","ping_status":"closed","template":"","meta":[],"_links":{"self":[{"href":"http:\/\/www.centrumszkoleniarajdowego.pl\/index.php?rest_route=\/wp\/v2\/pages\/22"}],"collection":[{"href":"http:\/\/www.centrumszkoleniarajdowego.pl\/index.php?rest_route=\/wp\/v2\/pages"}],"about":[{"href":"http:\/\/www.centrumszkoleniarajdowego.pl\/index.php?rest_route=\/wp\/v2\/types\/page"}],"author":[{"embeddable":true,"href":"http:\/\/www.centrumszkoleniarajdowego.pl\/index.php?rest_route=\/wp\/v2\/users\/1"}],"replies":[{"embeddable":true,"href":"http:\/\/www.centrumszkoleniarajdowego.pl\/index.php?rest_route=%2Fwp%2Fv2%2Fcomments&post=22"}],"version-history":[{"count":22,"href":"http:\/\/www.centrumszkoleniarajdowego.pl\/index.php?rest_route=\/wp\/v2\/pages\/22\/revisions"}],"predecessor-version":[{"id":519,"href":"http:\/\/www.centrumszkoleniarajdowego.pl\/index.php?rest_route=\/wp\/v2\/pages\/22\/revisions\/519"}],"wp:attachment":[{"href":"http:\/\/www.centrumszkoleniarajdowego.pl\/index.php?rest_route=%2Fwp%2Fv2%2Fmedia&parent=22"}],"curies":[{"name":"wp","href":"https:\/\/api.w.org\/{rel}","templated":true}]}}