{"id":20,"date":"2014-02-12T02:19:17","date_gmt":"2014-02-12T01:19:17","guid":{"rendered":"http:\/\/www.centrumszkoleniarajdowego.pl\/?page_id=20"},"modified":"2022-12-08T05:49:00","modified_gmt":"2022-12-08T04:49:00","slug":"sportowa","status":"publish","type":"page","link":"http:\/\/www.centrumszkoleniarajdowego.pl\/?page_id=20","title":{"rendered":"TECHNIKA WYCZYNOWA KLASYCZNA"},"content":{"rendered":"<p>Podstawowa \u00a0wyczynowa technika jazdy.<\/p>\n<p>TECHNIKA OPARTA NA PARABOLICZNYM TORZE JAZDY I NAK\u0141ADKACH FAZOWYCH NA FAZOWY PODZIA\u0141 ZAKR\u0118TU,<\/p>\n<p><strong>Technika sk\u0142ada si\u0119 z 32 element\u00f3w wykonawczych.<\/strong><\/p>\n<p>Technika ta pozwala na bardzo szybkie pokonywanie zakr\u0119t\u00f3w, nieosi\u0105galne dla technik podstawowych. Precyzyjnie okre\u015bla stref\u0119 i punkt hamowania. Precyzyjnie okre\u015bla spos\u00f3b kr\u0119cenia kierownic\u0105. Precyzyjnie okre\u015bla w zakr\u0119cie punkt przyspieszania. Wymusza prawid\u0142owy tor jazdy. Wykorzystuje si\u0142\u0119 od\u015brodkow\u0105 do zwi\u0119kszenia przyczepno\u015bci opon. Zmusza do bardzo pewnego i szybkiego wyj\u015bcia z zakr\u0119tu.<\/p>\n<p>Opanowanie tej techniki daje gwarancj\u0119 100% bezpiecze\u0144stwa i mo\u017cliwo\u015b\u0107 wygrywania zawod\u00f3w, nawet w randze mistrzostw \u015bwiata.<\/p>\n<p>Przy zachowaniu przepis\u00f3w bezpiecze\u0144stwa ruchu drogowego staje si\u0119 idealn\u0105 technika do jazdy w ruchu miejskim, drogowym, czy autostradowym.<\/p>\n<p>Technik\u0119 t\u0105 mo\u017cna stosowa\u0107 do :<\/p>\n<ul>\n<li>Jazdy na ma\u0142ych k\u0105tach znoszenia.<\/li>\n<li>Jazdy na du\u017cych k\u0105tach znoszenia.<\/li>\n<li>Jazdy w u\u015blizgu.<\/li>\n<li>Jazdy w po\u015blizgu kontrolowanym.<\/li>\n<\/ul>\n<p>Wysokiej klasy \u015bwiatowi zawodnicy rajdowi i wy\u015bcigowi stosowali t\u0105 technik\u0119 jako podstawow\u0105. Odnosili sukcesy w rajdach i wy\u015bcigach. Ta technika daje informacj\u0119 o przyczepno\u015bci ju\u017c na pocz\u0105tku pierwszej fazy zakr\u0119tu.<\/p>\n<h4><a href=\"http:\/\/www.centrumszkoleniarajdowego.pl\/?page_id=84\">Wi\u0119cej w zak\u0142adce Cena I Terminy.<\/a><\/h4>\n<p>NA TRENINGACH BUDUJEMY TECHNIK\u0118 JAZDY, W OPARCIU O PONI\u017bSZE ELEMENTY \u00a0SK\u0141ADOWE PROGRAMU WYCZYNOWYCH TECHNIK JAZDY SAMOCHODEM, PRZEZNACZONE DLA TECHNIKI WYCZYNOWEJ KLASYCZNEJ<\/p>\n<p>Elementy sk\u0142adowe wyczynowych technik jazdy:<\/p>\n<p>&#8211;\u00a0\u00a0\u00a0\u00a0\u00a0\u00a0\u00a0\u00a0 technika jazdy na wprost<\/p>\n<p>&#8211;\u00a0\u00a0\u00a0\u00a0\u00a0\u00a0\u00a0\u00a0 technika patrzenia i obserwacji<\/p>\n<p>&#8211;\u00a0\u00a0\u00a0\u00a0\u00a0\u00a0\u00a0\u00a0 technika hamowania<\/p>\n<p>&#8211;\u00a0\u00a0\u00a0\u00a0\u00a0\u00a0\u00a0\u00a0 technika przyspieszania<\/p>\n<p>&#8211;\u00a0\u00a0\u00a0\u00a0\u00a0\u00a0\u00a0\u00a0 technika zmiany bieg\u00f3w<\/p>\n<p>&#8211;\u00a0\u00a0\u00a0\u00a0\u00a0\u00a0\u00a0\u00a0 technika wykorzystania si\u0142 bezw\u0142adno\u015bci<\/p>\n<p>&#8211;\u00a0\u00a0\u00a0\u00a0\u00a0\u00a0\u00a0\u00a0 technika wytyczania strefy i punktu hamowania<\/p>\n<p>&#8211;\u00a0\u00a0\u00a0\u00a0\u00a0\u00a0\u00a0\u00a0 techniki wej\u015bcia w zakr\u0119t<\/p>\n<p>&#8211;\u00a0\u00a0\u00a0\u00a0\u00a0\u00a0\u00a0\u00a0 techniki doci\u0105\u017cania i docisku<\/p>\n<p>&#8211;\u00a0\u00a0\u00a0\u00a0\u00a0\u00a0\u00a0\u00a0 techniki ruchu ko\u0142em kierownicy<\/p>\n<p>&#8211;\u00a0\u00a0\u00a0\u00a0\u00a0\u00a0\u00a0\u00a0 techniki przeje\u017cd\u017cania zakr\u0119tu<\/p>\n<p>&#8211;\u00a0\u00a0\u00a0\u00a0\u00a0\u00a0\u00a0\u00a0 techniki pracy gazem w zakr\u0119cie<\/p>\n<p>&#8211;\u00a0\u00a0\u00a0\u00a0\u00a0\u00a0\u00a0\u00a0 techniki wykorzystania si\u0142 bezw\u0142adno\u015bci w zakr\u0119cie<\/p>\n<p>&#8211;\u00a0\u00a0\u00a0\u00a0\u00a0\u00a0\u00a0\u00a0 technika patrzenia w zakr\u0119cie<\/p>\n<p>&#8211;\u00a0\u00a0\u00a0\u00a0\u00a0\u00a0\u00a0\u00a0 techniki utrzymania prawid\u0142owego toru jazdy<\/p>\n<p>&#8211;\u00a0\u00a0\u00a0\u00a0\u00a0\u00a0\u00a0\u00a0 techniki wyj\u015bcia z zakr\u0119tu<\/p>\n<p>&#8211;\u00a0\u00a0\u00a0\u00a0\u00a0\u00a0\u00a0\u00a0 techniki fazowego podzia\u0142u zakr\u0119t\u00f3w<\/p>\n<p>&#8211;\u00a0\u00a0\u00a0\u00a0\u00a0\u00a0\u00a0\u00a0 techniki wykorzystania w\u0142a\u015bciwo\u015bci jezdnych samochodu<\/p>\n<p>&#8211;\u00a0\u00a0\u00a0\u00a0\u00a0\u00a0\u00a0\u00a0 techniki jazdy na r\u00f3\u017cnych rodzajach nawierzchni<\/p>\n","protected":false},"excerpt":{"rendered":"<p>Podstawowa \u00a0wyczynowa technika jazdy. TECHNIKA OPARTA NA PARABOLICZNYM TORZE JAZDY I NAK\u0141ADKACH FAZOWYCH NA FAZOWY PODZIA\u0141 ZAKR\u0118TU, Technika sk\u0142ada si\u0119 z 32 element\u00f3w wykonawczych. Technika ta pozwala na bardzo szybkie pokonywanie zakr\u0119t\u00f3w, nieosi\u0105galne dla technik podstawowych. Precyzyjnie okre\u015bla stref\u0119 i punkt hamowania. Precyzyjnie okre\u015bla spos\u00f3b kr\u0119cenia kierownic\u0105. Precyzyjnie okre\u015bla w zakr\u0119cie punkt przyspieszania. Wymusza prawid\u0142owy [&hellip;]<\/p>\n","protected":false},"author":1,"featured_media":0,"parent":0,"menu_order":0,"comment_status":"closed","ping_status":"closed","template":"","meta":[],"_links":{"self":[{"href":"http:\/\/www.centrumszkoleniarajdowego.pl\/index.php?rest_route=\/wp\/v2\/pages\/20"}],"collection":[{"href":"http:\/\/www.centrumszkoleniarajdowego.pl\/index.php?rest_route=\/wp\/v2\/pages"}],"about":[{"href":"http:\/\/www.centrumszkoleniarajdowego.pl\/index.php?rest_route=\/wp\/v2\/types\/page"}],"author":[{"embeddable":true,"href":"http:\/\/www.centrumszkoleniarajdowego.pl\/index.php?rest_route=\/wp\/v2\/users\/1"}],"replies":[{"embeddable":true,"href":"http:\/\/www.centrumszkoleniarajdowego.pl\/index.php?rest_route=%2Fwp%2Fv2%2Fcomments&post=20"}],"version-history":[{"count":16,"href":"http:\/\/www.centrumszkoleniarajdowego.pl\/index.php?rest_route=\/wp\/v2\/pages\/20\/revisions"}],"predecessor-version":[{"id":518,"href":"http:\/\/www.centrumszkoleniarajdowego.pl\/index.php?rest_route=\/wp\/v2\/pages\/20\/revisions\/518"}],"wp:attachment":[{"href":"http:\/\/www.centrumszkoleniarajdowego.pl\/index.php?rest_route=%2Fwp%2Fv2%2Fmedia&parent=20"}],"curies":[{"name":"wp","href":"https:\/\/api.w.org\/{rel}","templated":true}]}}